{"id":22,"date":"2017-01-19T11:23:04","date_gmt":"2017-01-19T11:23:04","guid":{"rendered":"http:\/\/madnet.dfirma.pl\/?page_id=22"},"modified":"2017-01-31T22:39:02","modified_gmt":"2017-01-31T22:39:02","slug":"kontakt","status":"publish","type":"page","link":"https:\/\/madnet.dfirma.pl\/?page_id=22","title":{"rendered":"Kontakt"},"content":{"rendered":"<h3 align=\"center\"><span style=\"font-family: Verdana,Geneva,sans-serif;\">Mad-Net Grzegorz Madej<\/span><\/h3>\n<h4 align=\"center\"><span style=\"font-family: Verdana,Geneva,sans-serif;\"> ul. Kamieniecka 19B\/7 <\/span><\/h4>\n<h4 align=\"center\"><span style=\"font-family: Verdana,Geneva,sans-serif;\">72-320 Trzebiat\u00f3w<\/span><\/h4>\n<h4 align=\"center\"><span style=\"font-family: Verdana,Geneva,sans-serif;\">NIP 671-103-67-80<\/span><\/h4>\n<h4 align=\"center\"><span style=\"font-family: Verdana,Geneva,sans-serif;\">tel. 608 144 747<\/span><\/h4>\n<h4 align=\"center\"><span style=\"font-family: Verdana,Geneva,sans-serif;\">e-mail: biuro@mad-net.pl<\/span><\/h4>\n<p>&nbsp;<\/p>\n<table align=\"center\">\n<tbody>\n<tr>\n<td>\n<h3 align=\"center\"><strong>Konto bankowe do wp\u0142at za internet i telewizj\u0119:<\/strong><\/h3>\n<h4 align=\"center\">Idea Bank<\/h4>\n<h3 align=\"center\">38 1950 0001 2006 0641 7439 0002<\/h3>\n<\/td>\n<\/tr>\n<\/tbody>\n<\/table>\n<div role=\"form\" class=\"wpcf7\" id=\"wpcf7-f92-o1\" lang=\"pl-PL\" dir=\"ltr\">\n<div class=\"screen-reader-response\"><\/div>\n<form action=\"\/index.php?rest_route=%2Fwp%2Fv2%2Fpages%2F22#wpcf7-f92-o1\" method=\"post\" class=\"wpcf7-form\" novalidate=\"novalidate\">\n<div style=\"display: none;\">\n<input type=\"hidden\" name=\"_wpcf7\" value=\"92\" \/>\n<input type=\"hidden\" name=\"_wpcf7_version\" value=\"5.0.5\" \/>\n<input type=\"hidden\" name=\"_wpcf7_locale\" value=\"pl_PL\" \/>\n<input type=\"hidden\" name=\"_wpcf7_unit_tag\" value=\"wpcf7-f92-o1\" \/>\n<input type=\"hidden\" name=\"_wpcf7_container_post\" value=\"0\" \/>\n<\/div>\n<p><label> Imi\u0119 i nazwisko (wymagane)<br \/>\n    <span class=\"wpcf7-form-control-wrap your-name\"><input type=\"text\" name=\"your-name\" value=\"\" size=\"40\" class=\"wpcf7-form-control wpcf7-text wpcf7-validates-as-required\" aria-required=\"true\" aria-invalid=\"false\" \/><\/span> <\/label><\/p>\n<p><label> Adres email (wymagane)<br \/>\n    <span class=\"wpcf7-form-control-wrap your-email\"><input type=\"email\" name=\"your-email\" value=\"\" size=\"40\" class=\"wpcf7-form-control wpcf7-text wpcf7-email wpcf7-validates-as-required wpcf7-validates-as-email\" aria-required=\"true\" aria-invalid=\"false\" \/><\/span> <\/label><\/p>\n<p><label> Temat<br \/>\n    <span class=\"wpcf7-form-control-wrap your-subject\"><input type=\"text\" name=\"your-subject\" value=\"\" size=\"40\" class=\"wpcf7-form-control wpcf7-text\" aria-invalid=\"false\" \/><\/span> <\/label><\/p>\n<p><label> Tre\u015b\u0107 wiadomo\u015bci<br \/>\n    <span class=\"wpcf7-form-control-wrap your-message\"><textarea name=\"your-message\" cols=\"40\" rows=\"10\" class=\"wpcf7-form-control wpcf7-textarea\" aria-invalid=\"false\"><\/textarea><\/span> <\/label><\/p>\n<p><input type=\"submit\" value=\"Wy\u015blij\" class=\"wpcf7-form-control wpcf7-submit\" \/><\/p>\n<div class=\"wpcf7-response-output wpcf7-display-none\"><\/div><\/form><\/div>\n","protected":false},"excerpt":{"rendered":"<p>Mad-Net Grzegorz Madej ul. Kamieniecka 19B\/7 72-320 Trzebiat\u00f3w NIP 671-103-67-80 tel. 608 144 747 e-mail: biuro@mad-net.pl &nbsp; Konto bankowe do wp\u0142at za internet i telewizj\u0119: Idea Bank 38 1950 0001 2006 0641 7439 0002<\/p>\n","protected":false},"author":1,"featured_media":0,"parent":0,"menu_order":0,"comment_status":"closed","ping_status":"closed","template":"","meta":[],"_links":{"self":[{"href":"https:\/\/madnet.dfirma.pl\/index.php?rest_route=\/wp\/v2\/pages\/22"}],"collection":[{"href":"https:\/\/madnet.dfirma.pl\/index.php?rest_route=\/wp\/v2\/pages"}],"about":[{"href":"https:\/\/madnet.dfirma.pl\/index.php?rest_route=\/wp\/v2\/types\/page"}],"author":[{"embeddable":true,"href":"https:\/\/madnet.dfirma.pl\/index.php?rest_route=\/wp\/v2\/users\/1"}],"replies":[{"embeddable":true,"href":"https:\/\/madnet.dfirma.pl\/index.php?rest_route=%2Fwp%2Fv2%2Fcomments&post=22"}],"version-history":[{"count":5,"href":"https:\/\/madnet.dfirma.pl\/index.php?rest_route=\/wp\/v2\/pages\/22\/revisions"}],"predecessor-version":[{"id":167,"href":"https:\/\/madnet.dfirma.pl\/index.php?rest_route=\/wp\/v2\/pages\/22\/revisions\/167"}],"wp:attachment":[{"href":"https:\/\/madnet.dfirma.pl\/index.php?rest_route=%2Fwp%2Fv2%2Fmedia&parent=22"}],"curies":[{"name":"wp","href":"https:\/\/api.w.org\/{rel}","templated":true}]}}